tor of 96 and m.
12
Suppose -28 = -12*a + 68. Calculate the greatest common factor of a and 8.
8
Suppose -87 = -4*g - 19. Calculate the highest common factor of g and 17.
17
Suppose 4*y = 2*y + 40. Let k be (3/4)/((-1)/4). Let p be 100/k*(-6)/4. Calculate the greatest common factor of y and p.
10
Suppose -6*z = -z - 40. What is the greatest common factor of 8 and z?
8
Suppose -s + 2 = 0, 3*s = 3*z - 2*z + 2. Let q be 1/2 - (-166)/z. What is the greatest common factor of 6 and q?
6
Suppose -2*r = -r - 52. Let n = 73 - r. What is the highest common factor of 7 and n?
7
Let p(r) = 3*r. Let a = 1 - -3. Let j be p(a). What is the highest common divisor of 8 and j?
4
Let b(a) = a**2 + 3*a. Let m be b(-4). Suppose 5*r - 80 = -5*d, -m*r + 0*d + 66 = 3*d. What is the highest common factor of 12 and r?
6
Let a(p) = 22*p**2 - 10*p + p**3 - 12*p**2 + 10 + 4. Let b be a(-11). Calculate the highest common factor of 24 and b.
3
Suppose 5*i - 41 = -2*z, 0 = 2*z - 5*i - 3 - 8. Let r(n) = 117*n**2. Let s be r(-1). What is the greatest common divisor of s and z?
13
Let b(n) = -n**3 + 17*n**2 + 19*n + 1. Let a be b(18). Calculate the highest common factor of 171 and a.
19
Suppose 4*g + 4*a - 100 = 0, -4*a = 5*g - 5*a - 149. Calculate the greatest common divisor of 319 and g.
29
Suppose -67*z = -66*z - 10. Suppose 0 = -b + 3*s + 11, 7*s - 1 = -5*b + 4*s. What is the highest common divisor of b and z?
2
Let d(r) = -r**3 - 2*r**2 + r - 4. Let h be d(-4). Calculate the greatest common divisor of 192 and h.
24
Let o be 3/2*(-40)/(-15). Let c = o - -8. What is the greatest common divisor of c and 12?
12
Let w(s) = 10*s + 2. Let l be w(5). Suppose 192 = 2*x + l. Suppose 5*c - 6*c = -x. Calculate the greatest common factor of 14 and c.
14
Let i be (-171)/(-33) - 4/22. What is the greatest common divisor of i and 1?
1
Let l(t) = -4*t + 4. Let c be l(-9). What is the greatest common factor of 100 and c?
20
Suppose 0 = 5*t - 8*t + 243. What is the highest common divisor of t and 9?
9
Suppose -g + 0*g + d = -27, -12 = 4*d. Suppose -r - 4*l + 76 = 0, 5*l - 60 = -r + 20. Calculate the highest common divisor of r and g.
12
Let w be (-115)/(-1) - 48/16. Suppose -u - 19 = -2*t - 59, -4*t + w = 4*u. Calculate the highest common factor of 4 and u.
4
Let s(g) = -g - 1. Let u be s(-7). Suppose 0*k = -5*k + 480. Suppose 0 = v + 3*v - k. Calculate the highest common factor of v and u.
6
Let v(d) be the first derivative of -89*d**2/2 - d - 1. Let q be v(-3). Suppose -35 = 3*j - q. What is the greatest common divisor of j and 11?
11
Let h = -35 + 23. Let x = h - -17. Let u(w) = 3*w**2 - 2*w. Let a be u(4). Calculate the highest common divisor of a and x.
5
Let a = 4 - 2. Suppose -2*f - a = -6. Calculate the greatest common factor of 3 and f.
1
Let w(h) = 2*h - 2. Let r be w(-1). Let y be 153/45 + r/10. What is the highest common factor of 21 and y?
3
Suppose 0 = b + z - 2*z - 53, 4*z + 20 = 0. Let a = b + -29. Suppose -2*m + 3*f - 20 = -195, m - 80 = 3*f. Calculate the highest common factor of a and m.
19
Let z be -1*(-1)/(-2)*-2. Let a be 78 + (4 - z)/(-3). Calculate the greatest common factor of a and 7.
7
Let n be 2/(-5)*30/(-6). Let x(z) = 2*z**2 + n*z - 4*z**2 + 10*z + z**2 - 3. Let a be x(11). Calculate the greatest common divisor of a and 1.
1
Suppose 2*l = -o + 45, -l - 95 = -2*o - 4*l. What is the highest common factor of o and 55?
55
Let p be (-12)/8*(-8)/6. Let r(m) = -m**2 - 12*m - 13. Let y be r(-9). What is the highest common factor of y and p?
2
Let x(b) = 11*b + 11. Let h be x(5). Calculate the highest common factor of 44 and h.
22
Let x(b) = 4*b**2 - 2*b - 8. Let d be x(-3). Suppose q - 4*q = -153. Calculate the highest common divisor of q and d.
17
Suppose 5*w - 12 - 98 = 0. Calculate the highest common factor of 242 and w.
22
Let a = 136 + -1. What is the highest common divisor of 90 and a?
45
Let s = -101 + 144. Suppose s + 60 = 5*c + 2*r, -5*r - 18 = -2*c. Let z(f) = 8*f**2 - f + 1. Let k be z(-4). Calculate the highest common divisor of c and k.
19
Let w = 158 + -74. Let q be (6/(-12))/((-2)/w). What is the highest common factor of q and 168?
21
Let g(d) = -2*d**3 - 3*d**2 - 3. Let h = -14 - -10. Let w be g(h). What is the highest common factor of 11 and w?
11
Suppose 5*m - 3*m - 128 = 0. Let l = 6 - 1. Suppose -l*j + m = -j. Calculate the greatest common factor of j and 16.
16
Suppose -43*s = -46*s + 30. What is the greatest common factor of s and 25?
5
Let v = -28 + 61. Calculate the greatest common divisor of v and 44.
11
Let x = -8 - -5. Let o be 72/(4 - 1) - x. Suppose 5*w = 5*r + 75, -2*w = -5*w - 3*r + o. What is the greatest common factor of w and 24?
12
Suppose 3*m + 2*m = 20. What is the highest common factor of 4 and m?
4
Let g be 6*8*1 - (-1 + 5). Suppose 4*b + 0 = -12, -5*b - 11 = p. Let k = p - 0. Calculate the highest common divisor of k and g.
4
Suppose -5*o - 49 = -2*b - 2*o, 2*b - 52 = 4*o. Calculate the greatest common factor of 60 and b.
20
Let n be ((-867)/(-68))/(6/16). Calculate the highest common factor of 374 and n.
34
Let u(h) = -h - 2. Let y be u(-5). Suppose 0 = -2*m + 2 + 4. Calculate the highest common factor of m and y.
3
Let o be 34/8 - (-1)/(-4). Let k be 10/45 + 554/18. Suppose -i + k = -5. Calculate the greatest common divisor of i and o.
4
Suppose 0*y - 4*y = 1924. Let l = -306 - y. What is the greatest common divisor of l and 25?
25
Let j be (0 + -1)*1 - -6. Suppose 1 = 5*d + 16. Let p be 7/(-21) - 31/d. Calculate the greatest common factor of p and j.
5
Let b be (8 + (-66)/4)/(2/(-20)). Suppose 5*f = 0, k + 0*k - 4*f = 14. Let l = 31 - k. Calculate the greatest common divisor of b and l.
17
Let d be 12*105/10*(-1)/(-6). What is the highest common factor of 3 and d?
3
Let j be -153*-2*1/2. Calculate the greatest common divisor of j and 17.
17
Suppose -3*w - 16 = -4*w + 5*k, 5*k + 24 = -w. Let x be w/(-1 - 5/(-7)). Calculate the highest common divisor of 28 and x.
14
Let g = -5 - -9. Suppose 5*s - 160 = 3*i, -3*s + 6*s = g*i + 85. Calculate the highest common factor of 14 and s.
7
Let f(t) = 3*t**2 + 2*t + 5. Let h be f(-4). Let a be 36/(3 + 0)*6/8. Calculate the highest common divisor of h and a.
9
Suppose 2*d = -m + 95, -d + 3 = -m - 52. Suppose 5*u + 0*u = 15. Let f be 59/u + 2/6. What is the greatest common divisor of d and f?
10
Let u(h) = -26*h - 46. Let g be u(-11). Let j be (-2 - -1)*(-31 + 1). What is the greatest common factor of j and g?
30
Let m(b) = -5*b - 2. Let z be m(-3). Calculate the highest common divisor of z and 52.
13
Let u = -46 - -59. Calculate the highest common factor of u and 13.
13
Suppose 667 = 3*m + 247. Let t = m + -80. What is the greatest common divisor of t and 24?
12
Let l(g) = -3*g - 3. Let q(f) = f**3 - 7*f**2 - 2. Let w be q(7). Let r be l(w). What is the highest common factor of 6 and r?
3
Suppose -7 = -d - k, 2*k = -3*d - 3*k + 15. What is the highest common divisor of d and 10?
10
Let l be 6/(4/((-48)/(-4))). Let i = 5 + 1. What is the greatest common divisor of i and l?
6
Suppose 42 + 48 = 5*m. Calculate the greatest common divisor of m and 27.
9
Suppose 3*q = -5*g + 2, 3*q - 2 - 12 = g. Suppose -l - 4*l + 220 = 0. What is the greatest common factor of q and l?
4
Let p = -58 - -139. Calculate the highest common divisor of p and 54.
27
Let k be (34/(-1))/(8/(-36)). Let g(f) = -f**2 - 8*f + 5. Let x = 15 - 21. Let t be g(x). What is the greatest common divisor of k and t?
17
Let x = -68 + 80. What is the highest common divisor of x and 6?
6
Let f be ((-88)/(-24))/(2/6). What is the highest common factor of 11 and f?
11
Let g(a) = 5*a + 12. Let h be g(2). Calculate the greatest common factor of 2 and h.
2
Let r = 9 + -8. Suppose 5*i = 4*i + r. Calculate the highest common divisor of i and 11.
1
Suppose -70 = 5*n + 435. Let l = n + 183. Let a = l + -57. Calculate the highest common factor of 10 and a.
5
Let b = 336 - 335. Let o(i) = -i**3 + 3*i + 2. Let d be o(-2). Suppose -40 = -4*u + d. Calculate the highest common divisor of b and u.
1
Suppose -7 = -4*g + 17. Let w = g + -11. Let u(t) = -t**3 - 4*t**2 + 2*t - 1. Let o be u(w). Calculate the greatest common divisor of o and 42.
14
Let h(a) = -a**3 + 8*a**2 + a. Let g be h(8). Calculate the highest common divisor of 40 and g.
8
Let r be 